{"id":604,"date":"2016-08-04T12:10:25","date_gmt":"2016-08-04T12:10:25","guid":{"rendered":"http:\/\/gurdjieff-dances.com\/fra\/?page_id=604"},"modified":"2016-08-04T12:21:13","modified_gmt":"2016-08-04T12:21:13","slug":"commentaires-des-participants","status":"publish","type":"page","link":"https:\/\/gurdjieff-dances.com\/fra\/articles-et-interviews\/commentaires-des-participants\/","title":{"rendered":"COMMENTAIRES DES PARTICIPANTS"},"content":{"rendered":"<p><img loading=\"lazy\" decoding=\"async\" src=\"http:\/\/gurdjieff-dances.com\/fra\/wp-content\/uploads\/2016\/08\/demo-munich-2015-small-300x225.jpg\" alt=\"demo-munich 2015-small\" width=\"300\" height=\"225\" class=\"alignnone size-medium wp-image-605\" srcset=\"https:\/\/gurdjieff-dances.com\/fra\/wp-content\/uploads\/2016\/08\/demo-munich-2015-small-300x225.jpg 300w, https:\/\/gurdjieff-dances.com\/fra\/wp-content\/uploads\/2016\/08\/demo-munich-2015-small.jpg 342w\" sizes=\"(max-width: 300px) 100vw, 300px\" \/><\/p>\n<p>\u201cDebout sur sc\u00eane, sous la chaleur des projecteurs, j\u2019ai senti que ma respiration s\u2019acc\u00e9l\u00e9rait\u2026A ce moment l\u00e0, je me suis pos\u00e9e la question:Pourquoi suis-je ici?<br \/>\nMon Coeur a r\u00e9pondu:Par amour de ce que les Mouvements r\u00e9v\u00e8lent en moi<br \/>\nEt alors,tout s\u2019est mis en place.Tout mon Etre a fait ce qu\u2019il aimait, et plus rien d\u2019autre n\u2019avait d\u2019importance: la sc\u00eane, les projecteurs, le public, les erreurs, les jugements sur moi-m\u00eame etc..<br \/>\nCe fut un moment tr\u00e8s sp\u00e9cial qui restera en moi pendant tr\u00e8s tr\u00e8s longtemps\u201d<br \/>\nKAVEESHA<\/p>\n<p>\u201cJe recommencerai cette exp\u00e9riencedans un battement de coeur.Mon niveau de conscience s\u2019est \u00e9lev\u00e9, et mon coeur est devenu plus l\u00e9ger, et plus joyeux.Mon mental est plus pointu\u2026.mon jeu de poker s\u2019est amelior\u00e9\u2026.oui! Et aussi mon enseignement de l\u2019anglais.Avec mes \u00e9tudiants universitaires,apr\u00e8s  j\u2019avais REELLEMENT quelque chose \u00e0 partager, pas simplement de la th\u00e9orie, mais de l\u2019\u00e9nergie et de la vitalit\u00e9, de la spontan\u00e9it\u00e9 et de la sagesse\u2026pas juste de la th\u00e9orie\u2026.\u201d<br \/>\nLATIF<\/p>\n<p> Revenir chez moi apr\u00e8s la d\u00e9monstration fut un peu \u00e9trange. Trop forte \u00e9tait la diff\u00e9rence entre la richesse abondante dont je venais de faire l\u2019exp\u00e9rience avec vous , le groupe et les Mouvements d\u2019un cot\u00e9, et la nudit\u00e9 de la vie quotidienne<br \/>\nPourtant, plus je r\u00e9alisais cette diff\u00e9rence, plus je reconnaissais que ce sont les diff\u00e9rentes facettes d\u2019UNE SEULE ET MEME vie , simplement avec des challenges diff\u00e9rents<br \/>\nL\u2019\u00e9nergie de cette semaine de pratique, les innombrables pr\u00e9cieux moments, l\u2019amour se sont inflitr\u00e9s dans ma vie \u201cordinaire\u201d<br \/>\nJOHANNES<\/p>\n<p>\u201cCe que j\u2019ai retenu de plus fort et de plus beau , lors de ces 9 jours de pratique, fut: Le Mouvement Pur .Et qu\u2019est ce que j\u2019y ajoute?<br \/>\nFaire face \u00e0 cela encore et encore: Qu\u2019est ce que le Mouvement Pur dans la pratique et aussi dans ma vie quotidienne<br \/>\nQu\u2019est-ce que le Mouvement pur quand je fais face \u00e0 l\u2019inconnu?Qu\u2019est ce qui est vrai?<br \/>\nC\u2019est une belle question. Ainsi qu\u2019observer les endroits o\u00f9 j\u2019ai tendance \u00e0 ajouter quelque chose, par peur.Et revenir de nouveau  \u00e0 la confiance \u201c<br \/>\nJENNIFER<\/p>\n<p>\u201cL\u2019\u00e9cho de notre semaine de pr\u00e9paration et les d\u00e9monstrations ont laiss\u00e9 en moi une immobilit\u00e9 subtile.J\u2019en suis consciente, m\u00eame dans ma vie ordinaire, quand il y a un moment de non action.C\u2019est tr\u00e8s subtil, mais toujours l\u00e0 .C\u2019est merveilleux.Cela me donne l\u2019impr\u00e9ssion d\u2019\u00eatre en moi , \u00e0 la maison et que tout est Ok tel qu\u2019il est \u201c<br \/>\nKIRAN<\/p>\n<p>Cette semaine fut la conciliation entre la dimension artistique de beaut\u00e9, de communion avec la vie, et la rigueur et la discipline pour maintenir la force du groupe dans une forme de coh\u00e9sion forte et d&#8217;une communion simple et tellement belle. Puis est venu le moments de la premi\u00e8re repr\u00e9sentation, la journ\u00e9e de silence a permis de canaliser certaines tensions, et de m&#8217;ancrer plus facilement.<br \/>\nJ&#8217;ai retenu pour cette semaine qu&#8217;on re\u00e7oit du mouvement ce qu&#8217;on en donne et ce qu&#8217;on s&#8217;abandonne \u00e0 lui avec confiance et joie. Le Mouvement donne tellement !!! Que ce fut une ouverture qui laissera une empreinte tr\u00e8s profonde pour le reste de ma vie. J&#8217;ai v\u00e9cu cela comme une initiation au sacr\u00e9. Je crois que Do Mi Sol \u00e0 la deuxi\u00e8me repr\u00e9sentation, le sentiment de communion avec le groupe et le public restera \u00e0 jamais grav\u00e9 dans mon Coeur<br \/>\nXAVIER<\/p>\n<p>\u201cCe qui m\u2019a beaucoup touch\u00e9, c\u2019est cette experience de vivre partout en moi \u201c la m\u00eame force\u201d dont parle Mme de Salzmann. Cette exp\u00e9rience de la \u201cm\u00eame force\u201d a \u00e9veill\u00e9 en moi beaucoup de feu, mais un feu contenu et d\u00e9tendu, et cela m\u2019a particuli\u00e8rement aid\u00e9 pendant le spectacle.!!!!<br \/>\nJ\u2019aimerais garder cela en moi dans tous les aspects de ma vie<br \/>\nMerci pour cette merveilleuse occasion! Cela restera dans mon Coeur pour toujours<br \/>\nSHRADDHA<\/p>\n<p> Pendant les pratiques, j\u2019ai pu apprendre beaucoup sur mes ( im) patiences ,cette partie  de moi pr\u00e9sente et disons d\u00e9sagr\u00e9able! J\u2019ai \u00e9t\u00e9 surpris de voir que je pouvais la contenir et non pas la laisser se r\u00e9pandre \u00e0 l\u2019ext\u00e9rieur<br \/>\nEt le fait de contenir l\u2019\u00e9nergie qui s\u2019accumulait en moi m\u2019a donn\u00e9 les stimulations pour voir mon ego dispara\u00eetre en fum\u00e9e<br \/>\nJe me rappelle comment la qualit\u00e9 de pr\u00e9sence ( avec la paix, la tranquillit\u00e9, le Bonheur, la relaxation) s\u2019est accrue au fur et \u00e0 mesure que nous approchions de la date de la d\u00e9monstration<br \/>\nPendant les 2 derni\u00e8res dances le Dimanche: Exp\u00e9rience d\u2019un Coeur grand ouvert et de paix totale\u2026M\u00e9ditation\u2026<br \/>\nUne des impulsions les plus fortes avec les danses de Gurdjieff pour poursuivre le Travail<br \/>\nMILOS<\/p>\n<p>Ce fut une exp\u00e9rience de groupe unique: L\u2019attention et le soutien sont venus de chacun, pour moi, une aide pr\u00e9cieuse pour calmer l\u2019excitation et recevoir des forces de nature plus \u00e9lev\u00e9es, amenant la force, le silence, la structure int\u00e9rieure, et aussi l\u2019amour, et les rires, et beaucoup de gratitude<br \/>\nNARTAK<\/p>\n<p>\u201cJ\u2019ai du apprendre \u00e0 ne pas me laisser envahir  par la peur de l\u2019\u00e9chec, mais simplement l\u2019observer et la laisser passer<br \/>\nJ\u2019ai appris \u00e0 ne pas me dire:\u201d Je peux faire ca!\u201d , \u00e0 ne pas rel\u00e2cher l\u2019attention et devenir n\u00e9gligent<br \/>\nJ\u2019ai appris \u00e0 ne pas me laisser prendre par les jugements: Je ne suis pas encore assez bon\u201d et \u201c je fais cela d\u00e9j\u00e0 tr\u00e8s bien!\u201d Mais simplement continuer \u00e0 faire ce que j\u2019avais \u00e0 faire<br \/>\nJ\u2019ai appris \u00e0 ne pas me laisser prendre par les comparaisons:\u201d Oh, il est bien meilleur que moi : ou \u201c S\u2019il peut y arriver, je peux aussi\u201d Mais ici aussi continuer \u00e0 faire ce que j\u2019ai \u00e0 faire<br \/>\nEt ces moments o\u00f9 je me suis senti bouger en harmonie avec le groupe, o\u00f9 j\u2019entendais le son du piano au moment m\u00eame o\u00f9 mon pied touchait le sol, ces moments \u00e9taient vraiment magiques.La synchronicit\u00e9 entre mes mouvements, la musique et les mouvements du groupe a stabilis\u00e9 les rhythmes de mes propres mouvements int\u00e9rieurs.Alors, il n\u2019y a pas d\u2019ego, pas d\u2019identit\u00e9.Je me sens un avec un mouvement commun du groupe\u201d<br \/>\nKARL \u2013HEINZ<\/p>\n<p>\u201cJ\u2019ai aim\u00e9 danser avec vous, \u00eatre avec vous<br \/>\nJ\u2019ai recu tant de soutien de chacun. Notre connection m\u2019a rendue plus forte<br \/>\nCe fut un groupe chaleureux et ouvert<br \/>\nJ\u2019aime chacun d\u2019entre vous<br \/>\nPUJA <\/p>\n","protected":false},"excerpt":{"rendered":"<p>\u201cDebout sur sc\u00eane, sous la chaleur des projecteurs, j\u2019ai senti que ma respiration s\u2019acc\u00e9l\u00e9rait\u2026A ce moment l\u00e0, je me suis pos\u00e9e la question:Pourquoi suis-je ici? Mon Coeur a r\u00e9pondu:Par amour de ce que les Mouvements r\u00e9v\u00e8lent en moi Et alors,tout s\u2019est mis en place.Tout mon Etre a fait ce qu\u2019il aimait, et plus rien d\u2019autre [&hellip;]<\/p>\n","protected":false},"author":1,"featured_media":0,"parent":598,"menu_order":0,"comment_status":"closed","ping_status":"closed","template":"","meta":{"footnotes":""},"_links":{"self":[{"href":"https:\/\/gurdjieff-dances.com\/fra\/wp-json\/wp\/v2\/pages\/604"}],"collection":[{"href":"https:\/\/gurdjieff-dances.com\/fra\/wp-json\/wp\/v2\/pages"}],"about":[{"href":"https:\/\/gurdjieff-dances.com\/fra\/wp-json\/wp\/v2\/types\/page"}],"author":[{"embeddable":true,"href":"https:\/\/gurdjieff-dances.com\/fra\/wp-json\/wp\/v2\/users\/1"}],"replies":[{"embeddable":true,"href":"https:\/\/gurdjieff-dances.com\/fra\/wp-json\/wp\/v2\/comments?post=604"}],"version-history":[{"count":1,"href":"https:\/\/gurdjieff-dances.com\/fra\/wp-json\/wp\/v2\/pages\/604\/revisions"}],"predecessor-version":[{"id":606,"href":"https:\/\/gurdjieff-dances.com\/fra\/wp-json\/wp\/v2\/pages\/604\/revisions\/606"}],"up":[{"embeddable":true,"href":"https:\/\/gurdjieff-dances.com\/fra\/wp-json\/wp\/v2\/pages\/598"}],"wp:attachment":[{"href":"https:\/\/gurdjieff-dances.com\/fra\/wp-json\/wp\/v2\/media?parent=604"}],"curies":[{"name":"wp","href":"https:\/\/api.w.org\/{rel}","templated":true}]}}