{"id":519,"date":"2016-01-12T01:08:32","date_gmt":"2016-01-12T01:08:32","guid":{"rendered":"http:\/\/gurdjieff-dances.com\/fra\/?page_id=519"},"modified":"2016-03-02T17:41:34","modified_gmt":"2016-03-02T17:41:34","slug":"why-are-the-dances","status":"publish","type":"page","link":"https:\/\/gurdjieff-dances.com\/fra\/why-are-the-dances\/","title":{"rendered":"Pourquoi ces danses sont-elles appel\u00e9es sacr\u00e9es ?"},"content":{"rendered":"<p style=\"text-align: center;\">Pour deux raisons diff\u00e9rentes :<\/p>\n<ul style=\"text-align: center;\">\n<li>la premi\u00e8re est celle d\u00e9j\u00e0 mentionn\u00e9e : les danses servent \u00e0 conserver et transmettre une remarquable connaissance,incluant les plan\u00e8tes autant que les atomes : \u00ab Ce qui est en bas, est comme ce qui est en haut; et ce qui est en haut est comme ce qui est en bas. \u00bb Elles repr\u00e9sentent certaines lois qui gouvernent l\u2019univers et par cons\u00e9quent, la vie des \u00eatres humains.<\/li>\n<li>La seconde est le d\u00e9veloppement int\u00e9rieur des personnes les pratiquant.<\/li>\n<\/ul>\n<p style=\"text-align: center;\">Notre sommeil et notre esclavage s\u2019expriment par les automatismes et les limitations de nos sentiments et pens\u00e9es, ceux-ci \u00e9tant attach\u00e9s \u00e0 l\u2019automatisme de nos mouvements et positions. C\u2019est un cercle vicieux. Vice versa, notre expression gestuelle habituelle nous maintient dans les limites d\u2019une approche restrictive et routini\u00e8re de sentir les choses, de voir la vie, de penser. Nous ne r\u00e9alisons pas combien ces trois fonctions sont intimement reli\u00e9es : \u00e9motions, intellect, mouvement. Elles d\u00e9pendent les unes des autres, d\u00e9coulent l\u2019une de l\u2019autre. L\u2019une ne change pas sans que les autres changent aussi. L\u2019attitude de notre corps est la r\u00e9flexion ext\u00e9rieure de nos \u00e9motions et nos pens\u00e9es. Un changement \u00e9motionnel comme l\u2019apaisement soudain d\u2019inqui\u00e9tudes affectera imm\u00e9diatement notre fa\u00e7on de nous tenir, l\u2019amplitude de notre respiration, le mouvement de nos yeux, etc.<\/p>\n<p style=\"text-align: center;\">Prendre des positions inhabituelles permet de nous observer de fa\u00e7on diff\u00e9rente que lors de conditions habituelles. Les danses de Gurdjieff cassent le cycle d\u2019automatisme en introduisant des mouvements et des s\u00e9quences inhabituelles.<\/p>\n<p style=\"text-align: center;\">Il est facile d\u2019agir, mais \u00eatre pr\u00e9sent \u00e0 ce que nous faisons est quelque chose d\u2019autre ! Le but du chemin n\u2019est pas l\u2019action, mais le fait d\u2019\u00eatre conscient de ce que nous faisons. Il s\u2019agit de s\u2019\u00e9veiller \u00e0 ce que nous faisons r\u00e9ellement. C\u2019est parce que nous ne sommes pas conscients de nos v\u00e9ritables actions que nous avons besoin de l\u2019attention des autres. Quoi qu\u2019il en soit, en devenant conscient de soi-m\u00eame, on ressent un sentiment de joie int\u00e9rieure, parce que l\u2019on est en contact avec sa propre vie. Par la pr\u00e9sence \u00e0 soi-m\u00eame et aux autres, le geste le plus simple devient sacr\u00e9.<\/p>\n<p style=\"text-align: center;\">Tout d\u00e9pend de l\u2019\u00e9tat int\u00e9rieur par lequel nous agissons. Notre mouvement peut devenir un support de pr\u00e9sence ou une fuite hors de nous-m\u00eames. Les mouvements deviennent un art sacr\u00e9, quand nous sommes en qu\u00eate du sacr\u00e9 et quand nous les approchons en les reconnaissant comme tels. Sinon, m\u00eame les mouvements les plus sacr\u00e9s deviennent banals et tristement ordinaires&#8230; L\u2019\u00eatre humain d\u00e9tient cette immense capacit\u00e9 de transformation, ensuite tout devient possible, \u00e0 chaque instant.<\/p>\n","protected":false},"excerpt":{"rendered":"<p>Pour deux raisons diff\u00e9rentes : la premi\u00e8re est celle d\u00e9j\u00e0 mentionn\u00e9e : les danses servent \u00e0 conserver et transmettre une remarquable connaissance,incluant les plan\u00e8tes autant que les atomes : \u00ab Ce qui est en bas, est comme ce qui est en haut; et ce qui est en haut est comme ce qui est en bas. [&hellip;]<\/p>\n","protected":false},"author":1,"featured_media":0,"parent":0,"menu_order":0,"comment_status":"closed","ping_status":"closed","template":"","meta":{"footnotes":""},"_links":{"self":[{"href":"https:\/\/gurdjieff-dances.com\/fra\/wp-json\/wp\/v2\/pages\/519"}],"collection":[{"href":"https:\/\/gurdjieff-dances.com\/fra\/wp-json\/wp\/v2\/pages"}],"about":[{"href":"https:\/\/gurdjieff-dances.com\/fra\/wp-json\/wp\/v2\/types\/page"}],"author":[{"embeddable":true,"href":"https:\/\/gurdjieff-dances.com\/fra\/wp-json\/wp\/v2\/users\/1"}],"replies":[{"embeddable":true,"href":"https:\/\/gurdjieff-dances.com\/fra\/wp-json\/wp\/v2\/comments?post=519"}],"version-history":[{"count":3,"href":"https:\/\/gurdjieff-dances.com\/fra\/wp-json\/wp\/v2\/pages\/519\/revisions"}],"predecessor-version":[{"id":555,"href":"https:\/\/gurdjieff-dances.com\/fra\/wp-json\/wp\/v2\/pages\/519\/revisions\/555"}],"wp:attachment":[{"href":"https:\/\/gurdjieff-dances.com\/fra\/wp-json\/wp\/v2\/media?parent=519"}],"curies":[{"name":"wp","href":"https:\/\/api.w.org\/{rel}","templated":true}]}}