{"id":513,"date":"2016-01-12T01:02:46","date_gmt":"2016-01-12T01:02:46","guid":{"rendered":"http:\/\/gurdjieff-dances.com\/fra\/?page_id=513"},"modified":"2016-03-02T17:40:53","modified_gmt":"2016-03-02T17:40:53","slug":"motionlessness-lies-part-2","status":"publish","type":"page","link":"https:\/\/gurdjieff-dances.com\/fra\/the-process\/motionlessness-lies-part-2\/","title":{"rendered":"Motionlessness lies behind all motion (part 2)"},"content":{"rendered":"<p style=\"text-align: center;\">Page 2 of 2<\/p>\n<p style=\"text-align: center;\"><strong>Les 2 cerveaux<\/strong><\/p>\n<p style=\"text-align: center;\">Au lieu de l\u2019intrusion venant de la partie inf\u00e9rieure de notre centre intellectuel, ce cercle perp\u00e9tuel de pens\u00e9es, cette fuite dans les r\u00eaves, dans le pass\u00e9 et le futur, la pratique encourage la participation des diff\u00e9rentes intelligences de nos deux cerveaux :<\/p>\n<p style=\"text-align: center;\">En ce qui concerne l\u2019h\u00e9misph\u00e8re gauche : l\u2019intellect, l\u2019analyse, le sens de la quantit\u00e9, la m\u00e9moire du vocabulaire, le focus de la vision&#8230; la compr\u00e9hension de mod\u00e8les individuels et globaux, mais aussi de mots, de comptes&#8230;.<\/p>\n<p style=\"text-align: center;\">En ce qui concerne l\u2019h\u00e9misph\u00e8re droit : la r\u00e9ceptivit\u00e9, l\u2019intuition, l\u2019inspiration, une vision globale, la perception de sentiments et d\u2019\u00e9motions, perception de l\u2019\u00e9nergie.<\/p>\n<p style=\"text-align: center;\">Ceci permet au cerveau d\u2019entrer dans les vibrations sp\u00e9cifiques qui sont en soutien parfait avec le mouvement donn\u00e9.<\/p>\n<p style=\"text-align: center;\">Une antenne pour une \u00e9nergie plus fine.<\/p>\n<p style=\"text-align: center;\">Dans notre pratique globale, les 3 centres (physique, \u00e9motionnel et intellectuel) sont observ\u00e9s, connect\u00e9s, et amen\u00e9s dans des vibrations harmonieuses. Dans notre vie quotidienne, ce n\u2019est pas si souvent le cas ! Observez-vous \u00e0 la cuisine pr\u00e9parant une tarte au citron. Le corps \u00e0 la cuisine en train de presser les citrons, le c\u0153ur est quelque part sur la route entre l\u2019\u00e9cole et la maison, car les enfants sont en retard, le mental est occup\u00e9 \u00e0 calculer quel type d\u2019imprimante s\u2019offrir&#8230; La pratique des mouvements est une opportunit\u00e9 exceptionnelle d\u2019unification. Et lorsque cette unification est ressentie, une qualit\u00e9 \u00e9motionnelle tr\u00e8s particuli\u00e8re voit le jour : la f\u00e9licit\u00e9 de se sentir au bon endroit, au bon moment, dans la vigilance et la relaxation, bien en vie et en paix, dans la l\u00e9g\u00e8ret\u00e9 et la fluidit\u00e9, dans l\u2019immobilit\u00e9 et le mouvement. De plus, notre vigilance s\u2019accroit, tandis que nous entrons plus profond\u00e9ment en nous-m\u00eames, et d\u00e9ploie ses ailes vers d\u2019autres \u00eatres humains, vers les animaux et le monde v\u00e9g\u00e9tal. Dans la libert\u00e9 int\u00e9rieure, avec sensibilit\u00e9 et affection.<\/p>\n<p style=\"text-align: center;\">L\u2019\u00eatre a renouvel\u00e9 son contact avec la source de vie. Les mondes inf\u00e9rieurs et sup\u00e9rieurs se rencontrent, \u00ab Tomber en haut \u00bb comme disent les soufis. Dans ces conditions, l\u2019homme peut r\u00e9aliser sa destin\u00e9e sur terre, en devenant un lien entre le ciel et la terre, un r\u00e9cepteur subtil d\u2019une qualit\u00e9 sup\u00e9rieure d\u2019\u00e9nergie, amenant plus de conscience sur terre, sans quoi il est condamn\u00e9 \u00e0 la destruction par les forces de l\u2019inconscience.<\/p>\n<p style=\"text-align: center;\">\u00c0 ce moment-l\u00e0, les danses peuvent v\u00e9ritablement \u00eatre appel\u00e9es \u00ab Sacr\u00e9es \u00bb.<\/p>\n<p style=\"text-align: center;\">Amiyo Devienne.<\/p>\n<p style=\"text-align: center;\"><a href=\"http:\/\/gurdjieff-dances.com\/fra\/the-process\/motionlessness-lies\/\">PART 1<\/a><\/p>\n","protected":false},"excerpt":{"rendered":"<p>Page 2 of 2 Les 2 cerveaux Au lieu de l\u2019intrusion venant de la partie inf\u00e9rieure de notre centre intellectuel, ce cercle perp\u00e9tuel de pens\u00e9es, cette fuite dans les r\u00eaves, dans le pass\u00e9 et le futur, la pratique encourage la participation des diff\u00e9rentes intelligences de nos deux cerveaux : En ce qui concerne l\u2019h\u00e9misph\u00e8re gauche [&hellip;]<\/p>\n","protected":false},"author":1,"featured_media":0,"parent":239,"menu_order":0,"comment_status":"closed","ping_status":"closed","template":"","meta":{"footnotes":""},"_links":{"self":[{"href":"https:\/\/gurdjieff-dances.com\/fra\/wp-json\/wp\/v2\/pages\/513"}],"collection":[{"href":"https:\/\/gurdjieff-dances.com\/fra\/wp-json\/wp\/v2\/pages"}],"about":[{"href":"https:\/\/gurdjieff-dances.com\/fra\/wp-json\/wp\/v2\/types\/page"}],"author":[{"embeddable":true,"href":"https:\/\/gurdjieff-dances.com\/fra\/wp-json\/wp\/v2\/users\/1"}],"replies":[{"embeddable":true,"href":"https:\/\/gurdjieff-dances.com\/fra\/wp-json\/wp\/v2\/comments?post=513"}],"version-history":[{"count":4,"href":"https:\/\/gurdjieff-dances.com\/fra\/wp-json\/wp\/v2\/pages\/513\/revisions"}],"predecessor-version":[{"id":554,"href":"https:\/\/gurdjieff-dances.com\/fra\/wp-json\/wp\/v2\/pages\/513\/revisions\/554"}],"up":[{"embeddable":true,"href":"https:\/\/gurdjieff-dances.com\/fra\/wp-json\/wp\/v2\/pages\/239"}],"wp:attachment":[{"href":"https:\/\/gurdjieff-dances.com\/fra\/wp-json\/wp\/v2\/media?parent=513"}],"curies":[{"name":"wp","href":"https:\/\/api.w.org\/{rel}","templated":true}]}}

<p style="text-align: center;">Page 2 of 2</p>
<p style="text-align: center;"><strong>Les 2 cerveaux</strong></p>
<p style="text-align: center;">Au lieu de l’intrusion venant de la partie inférieure de notre centre intellectuel, ce cercle perpétuel de pensées, cette fuite dans les rêves, dans le passé et le futur, la pratique encourage la participation des différentes intelligences de nos deux cerveaux :</p>
<p style="text-align: center;">En ce qui concerne l’hémisphère gauche : l’intellect, l’analyse, le sens de la quantité, la mémoire du vocabulaire, le focus de la vision&#8230; la compréhension de modèles individuels et globaux, mais aussi de mots, de comptes&#8230;.</p>
<p style="text-align: center;">En ce qui concerne l’hémisphère droit : la réceptivité, l’intuition, l’inspiration, une vision globale, la perception de sentiments et d’émotions, perception de l’énergie.</p>
<p style="text-align: center;">Ceci permet au cerveau d’entrer dans les vibrations spécifiques qui sont en soutien parfait avec le mouvement donné.</p>
<p style="text-align: center;">Une antenne pour une énergie plus fine.</p>
<p style="text-align: center;">Dans notre pratique globale, les 3 centres (physique, émotionnel et intellectuel) sont observés, connectés, et amenés dans des vibrations harmonieuses. Dans notre vie quotidienne, ce n’est pas si souvent le cas ! Observez-vous à la cuisine préparant une tarte au citron. Le corps à la cuisine en train de presser les citrons, le cœur est quelque part sur la route entre l’école et la maison, car les enfants sont en retard, le mental est occupé à calculer quel type d’imprimante s’offrir&#8230; La pratique des mouvements est une opportunité exceptionnelle d’unification. Et lorsque cette unification est ressentie, une qualité émotionnelle très particulière voit le jour : la félicité de se sentir au bon endroit, au bon moment, dans la vigilance et la relaxation, bien en vie et en paix, dans la légèreté et la fluidité, dans l’immobilité et le mouvement. De plus, notre vigilance s’accroit, tandis que nous entrons plus profondément en nous-mêmes, et déploie ses ailes vers d’autres êtres humains, vers les animaux et le monde végétal. Dans la liberté intérieure, avec sensibilité et affection.</p>
<p style="text-align: center;">L’être a renouvelé son contact avec la source de vie. Les mondes inférieurs et supérieurs se rencontrent, « Tomber en haut » comme disent les soufis. Dans ces conditions, l’homme peut réaliser sa destinée sur terre, en devenant un lien entre le ciel et la terre, un récepteur subtil d’une qualité supérieure d’énergie, amenant plus de conscience sur terre, sans quoi il est condamné à la destruction par les forces de l’inconscience.</p>
<p style="text-align: center;">À ce moment-là, les danses peuvent véritablement être appelées « Sacrées ».</p>
<p style="text-align: center;">Amiyo Devienne.</p>
<p style="text-align: center;"><a href="http://gurdjieff-dances.com/fra/the-process/motionlessness-lies/">PART 1</a></p>

<p>Page 2 of 2 Les 2 cerveaux Au lieu de l’intrusion venant de la partie inférieure de notre centre intellectuel, ce cercle perpétuel de pensées, cette fuite dans les rêves, dans le passé et le futur, la pratique encourage la participation des différentes intelligences de nos deux cerveaux : En ce qui concerne l’hémisphère gauche [&hellip;]</p>
