{"id":241,"date":"2015-11-17T20:42:35","date_gmt":"2015-11-17T20:42:35","guid":{"rendered":"http:\/\/gurdjieff-dances.com\/fra\/?page_id=241"},"modified":"2026-03-01T10:37:58","modified_gmt":"2026-03-01T10:37:58","slug":"seminars-trainings","status":"publish","type":"page","link":"https:\/\/gurdjieff-dances.com\/fra\/seminars-trainings\/","title":{"rendered":"S\u00e9minaires et formations"},"content":{"rendered":"<p style=\"text-align: center;\"><strong>Notre toute nouvelle diaporama, t\u00e9moin de nos exp\u00e9riences <\/strong><\/p>\n<h3 style=\"text-align: center;\"><iframe loading=\"lazy\" title=\"YouTube video player\" src=\"\/\/www.youtube.com\/embed\/F7QyBWloX4Q\" width=\"560\" height=\"315\" frameborder=\"0\" allowfullscreen=\"allowfullscreen\"><\/iframe><\/h3>\n<h3 style=\"text-align: center;\">FRANCE, JURA<\/h3>\n<p style=\"text-align: center;\"><strong>Chateau Roche Sur Linotte<\/strong><\/p>\n<p style=\"text-align: center;\"><img loading=\"lazy\" decoding=\"async\" class=\"alignnone size-full wp-image-310\" src=\"http:\/\/gurdjieff-dances.com\/fra\/wp-content\/uploads\/2015\/11\/chateau.jpg\" alt=\"chateau\" width=\"318\" height=\"120\" srcset=\"https:\/\/gurdjieff-dances.com\/fra\/wp-content\/uploads\/2015\/11\/chateau.jpg 318w, https:\/\/gurdjieff-dances.com\/fra\/wp-content\/uploads\/2015\/11\/chateau-300x113.jpg 300w\" sizes=\"(max-width: 318px) 100vw, 318px\" \/><\/p>\n<p style=\"text-align: center;\">LES MOUVEMENTS DE GURDJIEFF \/<br \/>\nFORMATION A ROCHE SUR LINOTTE\/FRANCE<br \/>\nAvec Amiyo et Chetan<\/p>\n<p style=\"text-align: center;\">Une semaine intensive et formation d\u2019enseignants<\/p>\n<p style=\"text-align: center;\">23 &#8211; 29 Mai 2026<br \/>\n29 Ao\u00fbt &#8211; 18 Septembre 2026<br \/>\n21 &#8211; 27 Novembre 2026<\/p>\n<p style=\"text-align: center;\">S\u00e9minaires de fin de semaine<\/p>\n<p style=\"text-align: center;\">23 &#8211; 24 Mai 2026<br \/>\n21 &#8211; 22 Novembre 2026<\/p>\n<p style=\"text-align: center;\">\u00c9galement dans le <strong>Chateau de Roche Sur Linotte<\/strong><\/p>\n<h4 style=\"text-align: center;\"><span style=\"color: #ffcc00;\">Le plus long seminaire de l&#8217;ann\u00e9e de <u>3 semaines!<br \/>\n<\/u><u>29 Aout &#8211; 18 Septembre <strong>2026<\/strong><\/u><\/span><\/h4>\n<p style=\"text-align: center;\"><u>Avec la possibilit\u00e9 de participer \u00e0 1 ou 2 semaines <\/u><\/p>\n<p style=\"text-align: center;\">Nous sommes tr\u00e8s heureux de partager avec vous cette rare opportunit\u00e9 de faire une longue et profonde exp\u00e9rience des Mouvements et bien s\u00fbr de nous-m\u00eames<br \/>\nDans cette p\u00e9riode ou tout nous pousserait \u00e0 la s\u00e9paration, il nous semble important de nourrir et pr\u00e9server les richesses de notre vie int\u00e9rieure , en explorant ses profondeurs \u00e0 travers les Mouvements de Gurdjieff,\u00a0 et en s\u2019ouvrant au sens de la beaut\u00e9 , quand le mental ne s\u2019impose pas , mais plut\u00f4t \u00a0en utilisant consciemment notre\u00a0 force vitale\u00a0 et en la partageant g\u00e9n\u00e9reusement avec les autres , nous amenant \u00e0 un \u00e9tat d\u2019expansion et de libert\u00e9 int\u00e9rieures<br \/>\nLa pratique,\u00a0 par l\u2019attention et la relaxation, renforce l\u2019observateur en nous , ce qui nous aide \u00e0 rester clair et libre par rapport \u00e0 toutes les influences n\u00e9fastes ext\u00e9rieures<\/p>\n<p style=\"text-align: center;\">Contact: <span style=\"font-family: comic sans ms,sans-serif;\"><a href=\"&#x6d;&#97;i&#x6c;&#x74;&#111;:&#x61;&#x6d;&#105;y&#x6f;&#x64;&#101;v&#x40;&#x79;&#97;h&#x6f;&#111;&#46;c&#x6f;&#109;\">&#x61;&#x6d;&#105;&#121;o&#x64;&#x65;&#x76;&#64;&#121;a&#x68;&#x6f;&#x6f;&#46;&#99;o&#x6d;<\/a><\/span> ou <span style=\"font-family: comic sans ms,sans-serif;\"><a href=\"&#109;&#x61;&#105;&#x6c;&#116;&#x6f;&#58;&#x63;&#104;&#x65;&#116;&#x61;&#110;&#x67;&#114;&#x65;&#101;&#x6e;&#64;&#x67;&#109;&#x78;&#46;&#x6e;&#101;&#x74;\">&#x63;&#x68;&#x65;&#x74;&#97;&#110;gre&#x65;&#x6e;&#x40;&#x67;&#109;&#120;&#46;ne&#x74;<\/a><\/span><\/p>\n<hr \/>\n<h3 style=\"text-align: center;\">FRANCE \u2014 PARIS<\/h3>\n<p style=\"text-align: center;\">Dans un lieu historique du Marais, quartier \u00e9l\u00e9gant au c\u0153ur de Paris<br \/>\nWeekend de pratique des Mouvements de Gurdjieff,<br \/>\nterrain d\u2019observation, de partage et de recherche accessible au plus grand nombre<\/p>\n<p style=\"text-align: center;\"><strong>7 &#8211; 8 Mars et 25 &#8211; 26 Avril 2026<\/strong><\/p>\n<p style=\"text-align: center;\">Les Mouvements\u00a0de Gurdjieff nous aident \u00e0 d\u00e9velopper harmonieusement la conscience dans les 3 centres de base: physique, \u00e9motionnel et intellectuel. Alors une nouvelle qualit\u00e9 \u00e9merge: La Pr\u00e9sence.<\/p>\n<p style=\"text-align: center;\">La pratique des Mouvements\u00a0est\u00a0la m\u00e9ditation, elle offre la possibilit\u00e9 de renforcer et de stabiliser l&#8217;observateur int\u00e9rieur, un observateur qui regarde impartialement, sans analyser, sans juger,<br \/>\nsans d\u00e9sirer que ce soit.<\/p>\n<p style=\"text-align: center;\">Organisateurs:\u00a0 <span style=\"font-family: comic sans ms,sans-serif;\"><a href=\"&#x6d;&#x61;&#x69;&#x6c;&#x74;&#x6f;&#x3a;&#97;&#109;&#105;&#121;&#111;dev&#64;&#x79;&#x61;&#x68;&#x6f;&#x6f;&#x2e;&#x63;&#x6f;&#109;\">a&#109;&#x69;&#x79;&#x6f;d&#101;&#x76;&#x40;&#x79;a&#104;&#x6f;&#x6f;&#x2e;c&#111;&#x6d;<\/a><\/span> ou <span style=\"font-family: comic sans ms,sans-serif;\"><a href=\"mailto&#58;&#99;&#104;&#101;&#116;&#97;&#110;&#x67;&#x72;&#x65;&#x65;&#x6e;&#x40;&#x67;&#x6d;&#x78;&#x2e;&#x6e;&#x65;t\">chet&#97;&#110;&#103;&#114;&#101;&#101;&#110;&#x40;&#x67;&#x6d;&#x78;&#x2e;&#x6e;&#x65;&#x74;<\/a><\/span><\/p>\n<hr \/>\n<h3 style=\"text-align: center;\">ITALIE \/ Prepranda\u00a0 (Gens)<\/h3>\n<p style=\"text-align: center;\">15 &#8211; 16 &#8211; 17 Mai 2026<\/p>\n<p style=\"text-align: center;\">Contact: Giovanna\u00a0 <a href=\"m&#97;&#x69;&#x6c;t&#111;&#x3a;&#x74;a&#114;&#x74;&#x61;r&#105;&#x67;&#x69;o&#64;&#x6c;&#x69;b&#101;&#114;&#x6f;&#x2e;i&#116;\">&#x74;a&#x72;t&#x61;&#114;&#x69;&#103;i&#x6f;&#64;&#x6c;&#105;&#x62;&#101;&#x72;&#111;&#46;&#x69;t<\/a><\/p>\n<hr \/>\n<h3 style=\"text-align: center;\">INDE &#8211; KERALA<br \/>\n&#8220;Sattva The Awakening Garden&#8221;<br \/>\n<strong>Meditation center and resort<\/strong><\/h3>\n<p style=\"text-align: center;\">Le centre Sattva est situ\u00e9 dans la nature montagneuse et verdoyante des ghats occidentaux du Kerala.<br \/>\nPour y avoir s\u00e9journ\u00e9 il y a quelques ann\u00e9es, nous pouvons t\u00e9moigner que non seulement le silence et la beaut\u00e9 sont \u00e0 couper le souffle, mais que la direction et le personnel sont \u00e9galement extr\u00eamement amicaux et attentionn\u00e9s.<br \/>\nPour vous faire une id\u00e9e de cet endroit merveilleux, vous pouvez consulter leur site web :<br \/>\n<a href=\"http:\/\/www.sattvaresort.com\">www.sattvaresort.com<\/a><br \/>\nLe centre dispose \u00e9galement d&#8217;une clinique ayurv\u00e9dique, o\u00f9 vous pouvez recevoir des massages et des traitements.<br \/>\nToutefois, si les massages sont les bienvenus pendant le processus, les traitements doivent \u00eatre re\u00e7us avant ou apr\u00e8s le s\u00e9minaire, car les participants ont besoin de se reposer entre les traitements.<\/p>\n<h4 style=\"text-align: center;\"><span style=\"color: #ffffff;\">L\u2019Intensive des 12 Jours<br \/>\nMouvements de Gurdjieff<\/span><br \/>\n<span style=\"color: #ffffff;\">5 &#8211; 16\u00a0 Janvier 2027<\/span><br \/>\n<span style=\"color: #ffffff;\"><strong>Ouvert \u00e0 tous ind\u00e9pendamment de l\u2019exp\u00e9rience.<\/strong><\/span><\/h4>\n<h4 style=\"text-align: center;\"><span style=\"color: #ffffff;\"><strong>CONTACT<\/strong>:<\/span> <span style=\"font-family: comic sans ms,sans-serif;\"><a href=\"&#x6d;a&#x69;&#108;&#x74;&#111;:&#x61;&#109;&#x69;&#121;o&#x64;&#101;&#x76;&#64;y&#x61;h&#x6f;&#111;&#x2e;&#x63;o&#x6d;\">&#97;m&#x69;y&#x6f;d&#x65;&#118;&#x40;&#121;&#x61;&#104;o&#x6f;&#46;&#x63;o&#x6d;<\/a><\/span> <span style=\"color: #ffffff;\">ou<\/span> <span style=\"font-family: comic sans ms,sans-serif;\"><a href=\"m&#97;&#105;&#x6c;&#x74;&#x6f;:c&#104;&#101;&#x74;&#x61;&#x6e;g&#114;&#101;&#101;&#x6e;&#x40;&#x67;m&#120;&#46;&#x6e;&#x65;&#x74;\">&#x63;&#104;e&#x74;&#x61;&#110;g&#x72;&#x65;&#101;n&#x40;&#103;m&#x78;&#x2e;&#110;e&#x74;<\/a><\/span><\/h4>\n","protected":false},"excerpt":{"rendered":"<p>Notre toute nouvelle diaporama, t\u00e9moin de nos exp\u00e9riences FRANCE, JURA Chateau Roche Sur Linotte LES MOUVEMENTS DE GURDJIEFF \/ FORMATION A ROCHE SUR LINOTTE\/FRANCE Avec Amiyo et Chetan Une semaine intensive et formation d\u2019enseignants 23 &#8211; 29 Mai 2026 29 Ao\u00fbt &#8211; 18 Septembre 2026 21 &#8211; 27 Novembre 2026 S\u00e9minaires de fin de semaine [&hellip;]<\/p>\n","protected":false},"author":1,"featured_media":0,"parent":0,"menu_order":0,"comment_status":"closed","ping_status":"closed","template":"","meta":{"footnotes":""},"_links":{"self":[{"href":"https:\/\/gurdjieff-dances.com\/fra\/wp-json\/wp\/v2\/pages\/241"}],"collection":[{"href":"https:\/\/gurdjieff-dances.com\/fra\/wp-json\/wp\/v2\/pages"}],"about":[{"href":"https:\/\/gurdjieff-dances.com\/fra\/wp-json\/wp\/v2\/types\/page"}],"author":[{"embeddable":true,"href":"https:\/\/gurdjieff-dances.com\/fra\/wp-json\/wp\/v2\/users\/1"}],"replies":[{"embeddable":true,"href":"https:\/\/gurdjieff-dances.com\/fra\/wp-json\/wp\/v2\/comments?post=241"}],"version-history":[{"count":201,"href":"https:\/\/gurdjieff-dances.com\/fra\/wp-json\/wp\/v2\/pages\/241\/revisions"}],"predecessor-version":[{"id":16530,"href":"https:\/\/gurdjieff-dances.com\/fra\/wp-json\/wp\/v2\/pages\/241\/revisions\/16530"}],"wp:attachment":[{"href":"https:\/\/gurdjieff-dances.com\/fra\/wp-json\/wp\/v2\/media?parent=241"}],"curies":[{"name":"wp","href":"https:\/\/api.w.org\/{rel}","templated":true}]}}